e number?
True
Is 206779 composite?
False
Is 82389689 composite?
False
Is 166289 composite?
False
Is 92425153 prime?
True
Is 11639881 a prime number?
False
Is 22222093 a composite number?
True
Is 18542605 composite?
True
Is 5574655 a prime number?
False
Is 72753169 composite?
False
Is 47903 composite?
False
Is 3258863 a composite number?
False
Is 1860337 composite?
False
Is 1186333 prime?
False
Is 9226241 a composite number?
True
Is 10199285 a prime number?
False
Is 598027 a prime number?
False
Is 7019993 prime?
True
Is 506101 a prime number?
True
Is 12687331 a composite number?
False
Is 13775101 prime?
False
Is 55821349 a composite number?
True
Is 3567521 composite?
True
Is 44904907 prime?
True
Is 9681862 composite?
True
Is 104323013 a prime number?
True
Is 374441 a composite number?
False
Is 12641861 a composite number?
False
Is 4429171 prime?
True
Is 239220299 prime?
True
Is 182864009 prime?
False
Is 3429581 prime?
True
Is 147201871 a composite number?
True
Is 25618979 a composite number?
False
Is 36253 a prime number?
False
Is 6877319 a composite number?
True
Is 51321 prime?
False
Is 30751129 a composite number?
False
Is 234102881 composite?
False
Is 36968249 a composite number?
False
Is 10826143 a composite number?
True
Is 89491669 a composite number?
True
Is 162630227 a composite number?
False
Is 21496387 a prime number?
False
Is 4269871 a composite number?
True
Is 256918351 prime?
True
Is 490306499 a prime number?
False
Is 103121287 a prime number?
True
Is 310388417 a prime number?
True
Is 61913659 prime?
False
Is 2230561 a prime number?
True
Is 13029521 composite?
False
Is 1578043 composite?
False
Is 796291 a composite number?
False
Is 2305943 a composite number?
True
Is 55070453 a composite number?
False
Is 68886881 a prime number?
False
Is 391902449 prime?
True
Is 58363 a prime number?
True
Is 27610823 composite?
False
Is 2017703 a prime number?
False
Is 5708633 composite?
True
Is 570613 a prime number?
True
Is 1535081 a composite number?
True
Is 37227703 a prime number?
True
Is 15515629 a composite number?
False
Is 94291 a prime number?
True
Is 427604237 composite?
False
Is 4156627 prime?
True
Is 41356285 composite?
True
Is 15561047 a prime number?
True
Is 119807573 prime?
False
Is 4282219 a prime number?
False
Is 7838549 composite?
True
Is 423763 a prime number?
True
Is 896383 composite?
True
Is 112405607 composite?
False
Is 8319109 a prime number?
True
Is 12688033 prime?
True
Is 398171 prime?
True
Is 28708333 composite?
True
Is 2647819 a prime number?
False
Is 1588798 a prime number?
False
Is 3208157 a composite number?
True
Is 20193419 composite?
False
Is 303420197 prime?
True
Is 35188271 a composite number?
True
Is 552810223 composite?
True
Is 140571107 composite?
False
Is 1053397 composite?
True
Is 27082607 a prime number?
False
Is 124474081 composite?
False
Is 739788295 a prime number?
False
Is 54413477 a composite number?
True
Is 1124951 a prime number?
True
Is 1142539 a composite number?
False
Is 154899323 prime?
False
Is 2293037 prime?
True
Is 136954135 a prime number?
False
Is 3925183 prime?
False
Is 91667789 composite?
False
Is 49817423 a prime number?
True
Is 196289857 composite?
False
Is 810383087 composite?
True
Is 38249191 a composite number?
True
Is 1616401 prime?
True
Is 6887893 composite?
False
Is 243173 prime?
False
Is 184215443 prime?
True
Is 1993809719 a prime number?
False
Is 285282149 prime?
False
Is 3207899 composite?
False
Is 370670411 a prime number?
False
Is 640529 composite?
False
Is 1623883 a prime number?
True
Is 2039329 prime?
False
Is 399019 a composite number?
True
Is 97541321 a composite number?
True
Is 7303459 a composite number?
True
Is 21721303 a composite number?
False
Is 2093873 prime?
False
Is 100722859 prime?
False
Is 20490497 composite?
False
Is 1539752347 composite?
True
Is 320341 composite?
True
Is 368923 prime?
False
Is 6773719 prime?
False
Is 9377233 a composite number?
True
Is 1800698 a composite number?
True
Is 4719833 composite?
True
Is 4430758 a prime number?
False
Is 6860803 prime?
True
Is 92531003 composite?
False
Is 1579469 composite?
False
Is 118647899 prime?
True
Is 4128374 a composite number?
True
Is 4933327 prime?
False
Is 182726997 prime?
False
Is 3149009 a composite number?
False
Is 369295565 prime?
False
Is 572851717 prime?
False
Is 734419 prime?
False
Is 75687433 a composite number?
False
Is 6619441 composite?
False
Is 35723251 a composite number?
True
Is 25937231 a composite number?
False
Is 43730114 a prime number?
False
Is 48079231 a prime number?
True
Is 3463861 a prime number?
True
Is 3357593 composite?
False
Is 10528981 prime?
False
Is 1447099 a composite number?
False
Is 29000561 prime?
False
Is 270407 a prime number?
True
Is 128195167 a prime number?
False
Is 7001429 a composite number?
False
Is 13081841 a prime number?
True
Is 1609009 a composite number?
False
Is 1247734 composite?
True
Is 1086427 composite?
True
Is 10547457 prime?
False
Is 45435697 composite?
False
Is 1729543 prime?
True
Is 314381 a composite number?
True
Is 1231694713 a prime number?
True
Is 389357939 prime?
True
Is 554803 composite?
False
Is 379531049 composite?
False
Is 19949981 a composite number?
True
Is 33659299 a composite number?
False
Is 112555 a composite number?
True
Is 111639467 composite?
True
Is 884193 composite?
True
Is 463299679 a prime number?
False
Is 49126802 composite?
True
Is 140375149 a prime number?
True
Is 1731005 composite?
True
Is 1385639 composite?
True
Is 1268713 a composite number?
False
Is 98076709 a composite number?
False
Is 2697449 a composite number?
True
Is 256863809 a composite number?
False
Is 35596397 a prime number?
True
Is 13426071 a composite number?
True
Is 35288951 a prime number?
True
Is 12678649 a prime number?
True
Is 90591689 a composite number?
False
Is 83039533 a composite number?
True
Is 15451291 prime?
True
Is 1164265 prime?
False
Is 32944749 a composite number?
True
Is 2599901 a composite number?
True
Is 2709089 a composite number?
True
Is 153840829 composite?
False
Is 8774483 composite?
False
Is 20201891 a composite number?
False
Is 3612179 a composite number?
False
Is 1615909 a prime number?
False
Is 450861 prime?
False
Is 43737907 composite?
True
Is 1690097 composite?
False
Is 39494509 prime?
True
Is 8654333 prime?
True
Is 9370687 composite?
True
Is 484927 a composite number?
False
Is 2435457 prime?
False
Is 20878953 prime?
False
Is 606719 a composite number?
True
Is 4129487 a prime number?
False
Is 492967 a prime number?
True
Is 3358321 composite?
False
Is 21068689 a composite number?
True
Is 6221893 a prime number?
False
Is 5730113 prime?
False
Is 721211 prime?
False
Is 640103 a composite number?
True
Is 1683977 composite?
False
Is 1088539 a composite number?
True
Is 4658271 a prime number?
False
Is 402163529 composite?
True
Is 12117523 a composite number?
True
Is 61049291 a composite number?
True
Is 40388147 a prime number?
True
Is 338823883 a composite number?
False
Is 1093657 composite?
False
Is 6290353 a prime number?
False
Is 1032191 a prime number?
True
Is 3302477 composite?
False
Is 1988893 prime?
False
Is 1071761 a composite number?
False
Is 1506161 a composite number?
True
Is 202066413 prime?
False
Is 3110399 composite?
False
Is 107264107 prime?
True
Is 116004463 a prime number?
False
Is 235534741 composite?
True
Is 499816039 prime?
False
Is 4110527 prime?
True
Is 913279 a composite number?
False
Is 1491851 composite?
False
Is 103046959 a composite number?
True
Is 8574655 composite?
True
Is 49253 a prime number?
True
Is 776827 prime?
False
Is 497164423 a composite number?
True
Is 243301 a prime number?
True
Is 263319311 a composite number?
True
Is 2875765 prime?
False
Is 1336207 composite?
True
Is 3119969 a composite number?
True
Is 4167919343 a prime number?
False
Is 713309 composite?
False
Is 52064287 composite?
True
Is 58721833 a composite number?
True
Is 244021247 composite?
True
Is 434459 prime?
True
Is 4591541 a composite number?
True
Is 1562887 a prime number?
True
Is 855331 a prime number?
True
Is 110949001 prime?
True
Is 67428011 composite?
True
Is 7895549 a prime number?
True
Is 33063359 a composite number?
True
Is 316680083 a prime number?
True
Is 105150533 prime?
True
Is 2587327 a composite number?
True
Is 1155251 